visor of 1517 and 185?
37
Calculate the highest common factor of 6 and 1830864.
6
Calculate the greatest common divisor of 64101 and 690.
69
Calculate the greatest common divisor of 360 and 101655.
45
What is the highest common divisor of 1110 and 4295?
5
What is the highest common factor of 198 and 202862?
22
What is the highest common factor of 50 and 88325?
25
What is the greatest common factor of 2629 and 792?
11
Calculate the greatest common divisor of 420410 and 6970.
170
What is the highest common divisor of 220 and 38995?
55
What is the highest common factor of 16 and 1091?
1
Calculate the highest common divisor of 9 and 44859.
3
What is the highest common factor of 274503 and 6?
3
Calculate the highest common factor of 513 and 864.
27
Calculate the highest common factor of 628220 and 180.
20
What is the greatest common divisor of 486 and 3310146?
486
Calculate the greatest common divisor of 603 and 1930404.
201
What is the greatest common divisor of 112 and 4200784?
112
Calculate the highest common factor of 93 and 1852281.
93
Calculate the highest common factor of 7 and 481.
1
Calculate the highest common divisor of 351 and 3105.
27
Calculate the greatest common divisor of 1295 and 15015.
35
Calculate the greatest common factor of 2442 and 33781.
407
Calculate the highest common factor of 182 and 49530.
26
What is the greatest common divisor of 1196550 and 4?
2
Calculate the highest common factor of 981 and 39357.
9
Calculate the greatest common factor of 63 and 566244.
63
What is the greatest common factor of 486 and 12501?
27
What is the highest common factor of 242 and 17886?
22
Calculate the highest common factor of 3968 and 3200.
128
What is the highest common divisor of 1199 and 1441?
11
What is the greatest common factor of 7540 and 28340?
260
Calculate the greatest common factor of 6 and 3372.
6
Calculate the highest common divisor of 4890327 and 26.
13
What is the greatest common factor of 39 and 261677?
13
Calculate the greatest common divisor of 275 and 5401.
11
What is the greatest common divisor of 1752 and 22557?
219
What is the highest common divisor of 60 and 3497540?
20
What is the greatest common factor of 66 and 914452?
22
Calculate the greatest common factor of 8 and 142884.
4
What is the greatest common divisor of 245 and 261317?
49
Calculate the highest common factor of 5500 and 44.
44
What is the greatest common divisor of 12903 and 56100?
561
Calculate the highest common divisor of 1097943 and 11.
11
Calculate the greatest common factor of 1218 and 5880.
42
What is the greatest common factor of 1072 and 1495976?
536
Calculate the highest common factor of 34 and 620.
2
Calculate the greatest common divisor of 12324 and 230601.
237
Calculate the highest common factor of 292 and 104828.
292
Calculate the highest common factor of 54725 and 825.
275
Calculate the greatest common factor of 18038 and 933.
311
What is the greatest common factor of 2875 and 3335?
115
Calculate the highest common factor of 198107 and 98.
49
What is the highest common factor of 8670 and 153?
51
What is the greatest common factor of 498 and 582?
6
What is the greatest common factor of 117260 and 1105?
65
What is the greatest common factor of 1564 and 77180?
68
Calculate the highest common divisor of 1347974 and 114.
38
Calculate the highest common factor of 27 and 17208.
9
What is the highest common divisor of 11 and 329197?
11
Calculate the greatest common factor of 295 and 3953.
59
Calculate the highest common divisor of 115 and 195155.
115
What is the highest common factor of 190 and 383705?
95
What is the greatest common divisor of 2073940 and 484?
484
Calculate the greatest common factor of 64735 and 1331.
121
Calculate the highest common divisor of 3497900 and 80.
20
Calculate the highest common divisor of 85529 and 713.
31
Calculate the greatest common divisor of 5280 and 5830.
110
Calculate the highest common divisor of 17302 and 1066.
82
What is the highest common divisor of 31464 and 3396?
12
Calculate the highest common factor of 129 and 50611.
43
Calculate the highest common divisor of 31 and 105896.
31
What is the greatest common divisor of 7813 and 299?
13
What is the highest common factor of 4112 and 784?
16
What is the highest common divisor of 3990 and 969?
57
Calculate the highest common divisor of 5 and 11785.
5
What is the greatest common divisor of 10416 and 469588?
868
What is the greatest common factor of 333 and 501387?
111
What is the highest common factor of 57 and 267003?
3
Calculate the greatest common divisor of 25192 and 517.
47
Calculate the highest common factor of 1267 and 33847.
181
Calculate the highest common divisor of 82288 and 1036.
148
Calculate the greatest common factor of 9 and 129672.
9
What is the highest common factor of 27135 and 20?
5
Calculate the greatest common factor of 55296 and 297.
27
Calculate the highest common factor of 22460 and 6.
2
Calculate the highest common factor of 108 and 7479.
27
What is the greatest common divisor of 51060 and 6?
6
Calculate the highest common factor of 404163 and 216.
27
Calculate the highest common divisor of 36676 and 6920.
692
What is the highest common factor of 220 and 9372?
44
What is the highest common divisor of 7598 and 2378?
58
What is the greatest common factor of 13916 and 392?
196
Calculate the greatest common divisor of 1 and 149309.
1
What is the greatest common factor of 331695 and 260?
65
Calculate the highest common divisor of 62976 and 10824.
984
What is the highest common factor of 13923 and 637?
91
What is the highest common divisor of 564 and 7932?
12
Calculate the greatest common factor of 3342284 and 1628.
1628
What is the greatest common divisor of 47 and 618097?
47
Calculate the highest common factor of 819 and 1585129.
91
Calculate the greatest common factor of 10132 and 231844.
596
What is the greatest common factor of 505 and 93627?
101
Calculate the greatest common divisor of 1218 and 270.
6
What is the greatest common divisor of 98010 and 360?
90
What is the greatest common factor of 1718 and 2038?
2
What is the highest common divisor of 8338 and 506?
22
Calculate the highest common factor of 1474 and 22.
22
Calculate the greatest common divisor of 43578 and 30.
6
Calculate the highest common factor of 7178 and 1998.
74
What is the highest common divisor of 451 and 14927?
11
What is the highest common factor of 9757800 and 3120?
1560
What is the greatest common factor of 31 and 5775827?
31
What is the highest common factor of 3204 and 13188?
12
What is the greatest common divisor of 33915 and 112455?
1785
Calculate the greatest common divisor of 4458 and 210.
6
Calculate the greatest common factor of 2870 and 11767.
287
Calculate the highest common divisor of 260 and 19916.
52
Calculate the highest common factor of 3334350 and 150.
150
What is the highest common divisor of 98832 and 710?
142
What is the highest common factor of 15426 and 8?
2
Calculate the highest common divisor of 77187 and 132.
33
What is the greatest common divisor of 492 and 89421?
123
Calculate the greatest common factor of 35 and 566699.
7
What is the greatest common factor of 1043 and 1015?
7
Calculate the greatest common divisor of 1254216 and 24.
24
What is the greatest common factor of 1098 and 4514?
122
What is the greatest common divisor of 2848 and 368?
16
What is the highest common factor of 256386 and 312?
78
Calculate the greatest common factor of 2211 and 187.
11
What is the highest common divisor of 1105 and 232765?
65
Calculate the highest common divisor of 175494 and 18.
6
Calculate the highest common divisor of 1963 and 8359.
13
What is the highest common factor of 65531 and 684?
19
Calculate the highest common factor of 1585466 and 664.
166
Calculate the greatest common factor of 672 and 39074.
14
Calculate the greatest common divisor of 8190 and 183820.
910
Calculate the highest common factor of 732350 and 100.
50
What is the greatest common divisor of 825 and 1060950?
825
What is the highest common factor of 18495 and 1800?
45
What is the greatest common factor of 153596 and 76?
76
What is the greatest common factor of 43292 and 2844?
316
Calculate the highest common factor of 10541 and 1162.
83
What is the highest common divis